 - p. What is the remainder when x is divided by 4?
2
Let b(g) = g**2 - 12*g + 9. Let v be b(6). Let u = 44 + v. Calculate the remainder when 49 is divided by u.
15
Suppose 0 = -4*c - k + 6*k + 209, k = -c + 59. What is the remainder when c is divided by 19?
18
Let d(r) = -2*r + 2 + 2*r**3 + 4*r**2 - 2 - 5*r**2. Calculate the remainder when d(2) is divided by 3.
2
Let h(u) = -2*u + 11. Let a be h(8). Let p = 51 + a. Suppose 4*s + 0*s = 48. What is the remainder when p is divided by s?
10
Suppose -q - 2*q = 4*r - 99, -4*r - q + 105 = 0. Calculate the remainder when 132 is divided by r.
24
Calculate the remainder when 53 is divided by (-6)/4*-4*(-66)/(-36).
9
Let l = 2 + -16. Let m(p) = -p**3 + 13*p**2 + 15*p - 5. Let s be m(14). Let u = s - l. What is the remainder when 44 is divided by u?
21
Let i be (10 - 7) + 16/1. Let g = 90 - i. What is the remainder when g is divided by 18?
17
Suppose 0 = 4*h - h - 78. Suppose 5*r = 3*r + h. What is the remainder when (-1)/(-2) - r/(-2) is divided by 3?
1
Let i = 36 + -79. Let q = -21 - i. What is the remainder when q is divided by 6?
4
Let o(b) = -3*b**2 - 2*b + 2. Let s be o(4). Let a = -143 + 43. Let d = s - a. What is the remainder when d is divided by 16?
14
Suppose 2*v + 50 = 3*x, -v + 79 = 5*x - 0. Calculate the remainder when 61 is divided by x.
13
Let j(r) = r**2 + r - 4. Let m(l) = -l**3 - 14*l**2 - 13*l + 3. Calculate the remainder when m(-13) is divided by j(-3).
1
Suppose 2*t + t = 6. Let q = 0 + -1. What is the remainder when 0 - (1 + (q - 3)) is divided by t?
1
Suppose 2*m - 5*c + 5 = -0, 2*c - 26 = -4*m. What is the remainder when 9 is divided by m?
4
Calculate the remainder when (-1 + 0)/((-1)/63) is divided by 22.
19
Let p = 35 - 2. Suppose -4*i = d - 117, 0*i + i = -d + p. What is the remainder when 110 is divided by i?
26
Suppose -h + 2*g + 28 = 6*g, 4*h + 2*g - 84 = 0. Suppose 48 = 4*c + h. Suppose 6*t = 3*t + 57. What is the remainder when t is divided by c?
5
Suppose -42 = 3*x - 0*x. Calculate the remainder when 7/x*(-59 - -1) is divided by 10.
9
Let k(n) = -n**3 + n**2 + n + 15. Let v be k(0). Let m = v - 6. Calculate the remainder when m is divided by 5.
4
Suppose -124 + 34 = -f - 5*v, -4*v = -3*f + 213. Suppose 37 + 23 = 2*n + 2*t, -2*t - f = -3*n. What is the remainder when n is divided by 14?
13
What is the remainder when 186 is divided by (4 - 12/(-4))/((-3)/(-9))?
18
Suppose -10*r + 8*r + 194 = 0. What is the remainder when r is divided by 9?
7
Let t be (-2)/(-5) - (-46)/10. Let g(m) = -m + 5. Let n be g(3). Suppose -n*l + 17 = -t. What is the remainder when l is divided by 6?
5
Suppose k - 3*k - 18 = 0. Let q(t) = 5*t + 8. Let r be q(k). Let d = -26 - r. Calculate the remainder when 19 is divided by d.
8
Suppose 2*h = o - 4*o + 75, 4*o + 40 = 2*h. What is the remainder when h is divided by 8?
6
Suppose -k - 3 = 0, -t + k + 28 = -0*k. What is the remainder when t is divided by 15?
10
Let u = -19 + 38. Calculate the remainder when 37 is divided by u.
18
Suppose -w + 6*w = 50. Suppose w + 14 = -2*p. Let y = -11 - p. What is the remainder when 1 is divided by y?
0
Suppose j = 0, j - 75 = -5*m - 0*j. Calculate the remainder when 57 is divided by m.
12
Let n = -16 + 15. Calculate the remainder when 44 is divided by (n - 1 - -5)*5.
14
Suppose -123 = -4*i - 0*u - u, i - 26 = -5*u. Suppose -5*h + v - 35 - 30 = 0, 5*h + 4*v = -65. Let w = i + h. What is the remainder when w is divided by 10?
8
Let r = -10 + 17. Let f(n) = 2*n + 2. Let z be f(2). Let j = z - -6. What is the remainder when j is divided by r?
5
Let u = -118 - -170. What is the remainder when u is divided by 27?
25
Let v(x) = -3*x - 22. Let w(f) = 5*f - f**3 - 3*f - 2*f**2 - 2 + 0*f**3. Calculate the remainder when w(-4) is divided by v(-10).
6
Let x be (-2)/(-6)*120/8. Suppose -x*p + 71 = -44. Calculate the remainder when p is divided by 12.
11
What is the remainder when 63 is divided by (1136/(-26))/(-2) + 16/104?
19
Let w(d) be the first derivative of -d**2 - 23*d - 1. Calculate the remainder when 16 is divided by w(-14).
1
Suppose a + 3*a = 16. Calculate the remainder when 210/a - (-6)/(-4) is divided by 13.
12
Suppose -3 = 2*t - 163. Calculate the remainder when t is divided by 27.
26
Suppose 0 = r, 0*n + 3*r = -5*n + 35. Suppose -10 = 4*m - 110. What is the remainder when m is divided by n?
4
Let p be (3/(-9))/(1/(-75)). Let m = 40 - p. Let u(v) = 2*v**2. Calculate the remainder when m is divided by u(2).
7
Let d(f) = -f**3 - 7*f**2 + 2. Let l(a) = -a**3 - 11*a**2 + 12*a + 4. Let s be l(-12). Suppose 3 + 5 = s*v. What is the remainder when v is divided by d(-7)?
0
Suppose 5*j - 6 = 3*g, -2*j - 5*g + 24 = j. Suppose j*b - 34 = b. Let u = 49 - b. Calculate the remainder when u is divided by 11.
10
Let r(h) = -h**3 - h**2 - h + 117. What is the remainder when r(0) is divided by 20?
17
Suppose -4*l = -15 - 29. What is the remainder when 29 is divided by l?
7
Suppose 14 = 2*g - 10. Let t(a) = -g*a - 1 + 2 - a**2 - 4. What is the remainder when t(-9) is divided by 13?
11
Suppose -w = 2*w - 21. Suppose -3*i = -2 - w. Suppose 23 = i*q - 22. What is the remainder when 44 is divided by q?
14
Let o = -26 - -12. Calculate the remainder when o/63 + 706/18 is divided by 21.
18
Suppose 3*z + 9*n = 4*n + 181, 4*z = 2*n + 250. Let g = -9 - -25. Calculate the remainder when z is divided by g.
14
Suppose -6*w + h - 60 = -2*w, w - 4 = 5*h. What is the remainder when 30 + (w/(-4))/(-2) is divided by 16?
12
Suppose -2*x - 20 = -8. What is the remainder when (18/(-4))/(x/40) is divided by 16?
14
Let o = 10 + -7. Suppose -31 = -2*i - o*c, 0*i - 3*c = -3*i + 24. Let q = -12 - -18. What is the remainder when i is divided by q?
5
Suppose c = -t - c + 45, -4*t + 194 = c. What is the remainder when t is divided by 25?
24
Suppose 0 = 3*b + 2*b - 145. Suppose 3*u + 4*j + 14 = 0, 4*u - 2*u - b = 5*j. Calculate the remainder when u is divided by 2.
0
Let z(y) = y**3 - 8*y**2 + 14*y - 8. Calculate the remainder when 4 is divided by z(6).
0
Suppose 6 = 4*p - 6. Suppose -p*d + 10 + 5 = 0. Suppose 4 = -3*x + 5*x, -3*x = -z + d. Calculate the remainder when 30 is divided by z.
8
Calculate the remainder when 16 is divided by (-2)/(-7) - (-204)/21.
6
Let n(i) = i + 52. Let g be n(0). Suppose 3*q = g - 16. Suppose -5*c + 4*s = -171, 3*c - 110 = -2*s - 3*s. What is the remainder when c is divided by q?
11
Suppose t + 5 = 0, -9 = a + 2*t + 2*t. Calculate the remainder when 42 is divided by a.
9
Suppose 0 = 4*m - 174 + 22. What is the remainder when m is divided by 10?
8
Let d = 12 - -48. Calculate the remainder when d is divided by 9.
6
Suppose 14 = 4*c + 2*x, 5*x - 16 = 4*c + x. Suppose -3*r = 7 - c. Calculate the remainder when r/(3 - 1)*-3 is divided by 2.
1
Let j(n) = -24 + 29 - n**2 + 0*n**2. Let r be j(-5). Calculate the remainder when 12 is divided by r/90 + (-94)/(-18).
2
Suppose -4 = 2*j - 4*j. Suppose 5*n = -0*n + 5*l + 35, -5*l + 21 = j*n. Calculate the remainder when 29 is divided by n.
5
Suppose -3*y + 3*q - 3 = 0, 0 = 3*y + 4*q - 22 - 10. Suppose -y = r - 15. Calculate the remainder when r is divided by 6.
5
Suppose -c + 47 = 7. Let z = 8 + -6. Calculate the remainder when c is divided by 16/12*21/z.
12
Let n(d) = d**3 + 8*d**2 + 3*d - 4. Calculate the remainder when n(-6) is divided by 17.
16
Suppose -a - 10 + 15 = 0. Suppose -a*k + 215 = 5. Calculate the remainder when k is divided by 11.
9
Let s(c) = 2*c**3 - 5*c**2 - c - 1. Suppose 0 = -3*x - 0*x + 6. Calculate the remainder when s(3) is divided by x.
1
Suppose -z = -m + 4*m + 40, -2*z + m - 80 = 0. Let o = -26 - z. What is the remainder when o is divided by 5?
4
Calculate the remainder when 108 is divided by (-37*(-2)/(-2))/(-2 + 1).
34
Suppose 11*t - 6*t = 20. Suppose -14 = 5*p + 4*f, -4*p - 2*f - 5 - 11 = 0. What is the remainder when 46 is divided by t/p*-12*2?
14
Let v = 1 - 0. Let r = 7 - v. Calculate the remainder when 9 is divided by r.
3
Let v = -2 - 0. Calculate the remainder when (-1 - 0)/(v/22) is divided by 6.
5
Let g be (-4)/4 + 6 + -1. Suppose -4*r = -c + 15, 0*c + 29 = 3*c + g*r. Calculate the remainder when (-152)/(-5) + (-15)/(-25) is divided by c.
9
Suppose 0 = f - 21 - 0. Let a(g) = -11*g - 14. What is the remainder when f is divided by a(-2)?
5
Calculate the remain